{"id":408,"date":"2019-07-02T11:35:54","date_gmt":"2019-07-02T09:35:54","guid":{"rendered":"http:\/\/neu.sprachendienst-bey.de\/?page_id=408"},"modified":"2024-11-22T17:05:36","modified_gmt":"2024-11-22T16:05:36","slug":"impressum","status":"publish","type":"page","link":"https:\/\/www.sprachendienst-bey.de\/en\/impressum\/","title":{"rendered":"Imprint"},"content":{"rendered":"<div class=\"entry\">\n<p><\/p>\n<h2><b>Heidi Karin Bey <span style=\"font-size: 14pt;\">M.A. <\/span><\/b><\/h2>\n<p><i>Dipl.-Wirtschafts\u00fcbersetzerin (FH)<\/i><\/p>\n<p><em>Sworn translator\u00a0 and member of the German Association of Interpreters and Translators (BD\u00dc); former member of the German-Canadian Association (DKG) from 2014 &#8211; 2024<\/em><\/p>\n<p><i>Nossener Stra\u00dfe 23 E<\/i><\/p>\n<p><i>01662 Mei\u00dfen<\/i><\/p>\n<p><i>Tel.: 03521\/409452<\/i><\/p>\n<p><i>E-Mail:\u00a0<\/i><a href=\"mailto:contact@sprachendienst-bey.de\">contact(at)sprachendienst-bey.de<\/a><\/p>\n<p>For more detailed information, please refer to the German version of this page.<\/p>\n<\/div>","protected":false},"excerpt":{"rendered":"<p>Heidi Karin Bey M.A. Dipl.-Wirtschafts\u00fcbersetzerin (FH) Sworn translator\u00a0 and member of the German Association of Interpreters and Translators (BD\u00dc); former member of the German-Canadian Association (DKG) from 2014 &#8211; 2024 Nossener Stra\u00dfe 23 E 01662 Mei\u00dfen Tel.: 03521\/409452 E-Mail:\u00a0contact(at)sprachendienst-bey.de For more detailed information, please refer to the German version of this page.<\/p>\n","protected":false},"author":1,"featured_media":0,"parent":0,"menu_order":0,"comment_status":"closed","ping_status":"closed","template":"","meta":{"footnotes":""},"class_list":["post-408","page","type-page","status-publish"],"_links":{"self":[{"href":"https:\/\/www.sprachendienst-bey.de\/en\/wp-json\/wp\/v2\/pages\/408","targetHints":{"allow":["GET"]}}],"collection":[{"href":"https:\/\/www.sprachendienst-bey.de\/en\/wp-json\/wp\/v2\/pages"}],"about":[{"href":"https:\/\/www.sprachendienst-bey.de\/en\/wp-json\/wp\/v2\/types\/page"}],"author":[{"embeddable":true,"href":"https:\/\/www.sprachendienst-bey.de\/en\/wp-json\/wp\/v2\/users\/1"}],"replies":[{"embeddable":true,"href":"https:\/\/www.sprachendienst-bey.de\/en\/wp-json\/wp\/v2\/comments?post=408"}],"version-history":[{"count":15,"href":"https:\/\/www.sprachendienst-bey.de\/en\/wp-json\/wp\/v2\/pages\/408\/revisions"}],"predecessor-version":[{"id":995,"href":"https:\/\/www.sprachendienst-bey.de\/en\/wp-json\/wp\/v2\/pages\/408\/revisions\/995"}],"wp:attachment":[{"href":"https:\/\/www.sprachendienst-bey.de\/en\/wp-json\/wp\/v2\/media?parent=408"}],"curies":[{"name":"wp","href":"https:\/\/api.w.org\/{rel}","templated":true}]}}

<div class="entry">
<p></p>
<h2><b>Heidi Karin Bey <span style="font-size: 14pt;">M.A. </span></b></h2>
<p><i>Dipl.-Wirtschaftsübersetzerin (FH)</i></p>
<p><em>Sworn translator  and member of the German Association of Interpreters and Translators (BDÜ); former member of the German-Canadian Association (DKG) from 2014 &#8211; 2024</em></p>
<p><i>Nossener Straße 23 E</i></p>
<p><i>01662 Meißen</i></p>
<p><i>Tel.: 03521/409452</i></p>
<p><i>E-Mail: </i><a href="mailto:contact@sprachendienst-bey.de">contact(at)sprachendienst-bey.de</a></p>
<p>For more detailed information, please refer to the German version of this page.</p>
</div>

<p>Heidi Karin Bey M.A. Dipl.-Wirtschaftsübersetzerin (FH) Sworn translator  and member of the German Association of Interpreters and Translators (BDÜ); former member of the German-Canadian Association (DKG) from 2014 &#8211; 2024 Nossener Straße 23 E 01662 Meißen Tel.: 03521/409452 E-Mail: contact(at)sprachendienst-bey.de For more detailed information, please refer to the German version of this page.</p>
